{"id":782,"date":"2026-05-09T20:37:31","date_gmt":"2026-05-09T20:37:31","guid":{"rendered":"https:\/\/arrozvasconcelos.com.br\/novo_site\/?page_id=782"},"modified":"2026-05-13T11:27:25","modified_gmt":"2026-05-13T11:27:25","slug":"onde-comprar","status":"publish","type":"page","link":"https:\/\/arrozvasconcelos.com.br\/novo_site\/onde-comprar\/","title":{"rendered":"Onde Comprar"},"content":{"rendered":"\t\t<div data-elementor-type=\"wp-page\" data-elementor-id=\"782\" class=\"elementor elementor-782\">\n\t\t\t\t<div class=\"elementor-element elementor-element-3d7c5ac e-flex e-con-boxed e-con e-parent\" data-id=\"3d7c5ac\" data-element_type=\"container\" data-e-type=\"container\">\n\t\t\t\t\t<div class=\"e-con-inner\">\n\t\t<div class=\"elementor-element elementor-element-f5e08e9 e-con-full e-flex e-con e-child\" data-id=\"f5e08e9\" data-element_type=\"container\" data-e-type=\"container\">\n\t\t\t\t<\/div>\n\t\t<div class=\"elementor-element elementor-element-fc7f3d9 e-con-full e-flex e-con e-child\" data-id=\"fc7f3d9\" data-element_type=\"container\" data-e-type=\"container\">\n\t\t\t\t\t\t\t<h3 \n\t\tdata-interaction-id=\"fe9b140\" \n\t\tclass=\"e-fe9b140-41adb24 e-heading-base\" \n\t\t \n\t\t\n\t>\n\t\n\t\t\tOnde Comprar\n\t\t<\/h3>\n\t\t\t\t<div class=\"elementor-element elementor-element-ca9cbc3 elementor-widget-divider--view-line elementor-widget elementor-widget-divider\" data-id=\"ca9cbc3\" data-element_type=\"widget\" data-e-type=\"widget\" data-widget_type=\"divider.default\">\n\t\t\t\t\t\t\t<div class=\"elementor-divider\">\n\t\t\t<span class=\"elementor-divider-separator\">\n\t\t\t\t\t\t<\/span>\n\t\t<\/div>\n\t\t\t\t\t\t<\/div>\n\t\t\t\t<div class=\"elementor-element elementor-element-32b7b98 elementor-widget elementor-widget-text-editor\" data-id=\"32b7b98\" data-element_type=\"widget\" data-e-type=\"widget\" data-widget_type=\"text-editor.default\">\n\t\t\t\t\t\t\t\t\t<p>Encontre o ponto de venda mais pr\u00f3ximo de voc\u00ea. Digite sua cidade e descubra onde os produtos Vasconcelos est\u00e3o dispon\u00edveis na sua regi\u00e3o.<\/p>\t\t\t\t\t\t\t\t<\/div>\n\t\t\t\t<\/div>\n\t\t\t\t\t<\/div>\n\t\t\t\t<\/div>\n\t\t<div class=\"elementor-element elementor-element-16c1273 animated-slow e-flex e-con-boxed elementor-invisible e-con e-parent\" data-id=\"16c1273\" data-element_type=\"container\" data-e-type=\"container\" data-settings=\"{&quot;background_background&quot;:&quot;classic&quot;,&quot;animation&quot;:&quot;fadeIn&quot;,&quot;animation_delay&quot;:300}\">\n\t\t\t\t\t<div class=\"e-con-inner\">\n\t\t<div class=\"elementor-element elementor-element-b945d96 e-con-full e-flex e-con e-child\" data-id=\"b945d96\" data-element_type=\"container\" data-e-type=\"container\">\n\t\t\t\t<div class=\"elementor-element elementor-element-658c577 elementor-widget elementor-widget-heading\" data-id=\"658c577\" data-element_type=\"widget\" data-e-type=\"widget\" data-widget_type=\"heading.default\">\n\t\t\t\t\t<h2 class=\"elementor-heading-title elementor-size-default\">Vasconcelos est\u00e1 pertinho de voc\u00ea. \u00c9 s\u00f3 chegar no mercado.<\/h2>\t\t\t\t<\/div>\n\t\t\t\t<\/div>\n\t\t\t\t\t<\/div>\n\t\t\t\t<\/div>\n\t\t<div class=\"elementor-element elementor-element-0786ae0 e-flex e-con-boxed e-con e-parent\" data-id=\"0786ae0\" data-element_type=\"container\" data-e-type=\"container\">\n\t\t\t\t\t<div class=\"e-con-inner\">\n\t\t\t\t<div class=\"elementor-element elementor-element-265b6a8 elementor-widget__width-inherit elementor-widget elementor-widget-html\" data-id=\"265b6a8\" data-element_type=\"widget\" data-e-type=\"widget\" data-widget_type=\"html.default\">\n\t\t\t\t\t<iframe \r\n  src=\"https:\/\/arrozvasconcelos.com.br\/ondecomprar\/ondecomprar.php\"\r\n  width=\"100%\"\r\n  height=\"600px\"\r\n  frameborder=\"0\"\r\n  scrolling=\"auto\"\r\n  style=\"border:none; border-radius:8px;\">\r\n<\/iframe>\t\t\t\t<\/div>\n\t\t\t\t\t<\/div>\n\t\t\t\t<\/div>\n\t\t\t\t<\/div>\n\t\t","protected":false},"excerpt":{"rendered":"<p>Onde Comprar Encontre o ponto de venda mais pr\u00f3ximo de voc\u00ea. Digite sua cidade e descubra onde os produtos Vasconcelos est\u00e3o dispon\u00edveis na sua regi\u00e3o. Vasconcelos est\u00e1 pertinho de voc\u00ea. \u00c9 s\u00f3 chegar no mercado.<\/p>\n","protected":false},"author":1,"featured_media":0,"parent":0,"menu_order":0,"comment_status":"closed","ping_status":"closed","template":"elementor_header_footer","meta":{"footnotes":""},"class_list":["post-782","page","type-page","status-publish","hentry"],"_links":{"self":[{"href":"https:\/\/arrozvasconcelos.com.br\/novo_site\/wp-json\/wp\/v2\/pages\/782","targetHints":{"allow":["GET"]}}],"collection":[{"href":"https:\/\/arrozvasconcelos.com.br\/novo_site\/wp-json\/wp\/v2\/pages"}],"about":[{"href":"https:\/\/arrozvasconcelos.com.br\/novo_site\/wp-json\/wp\/v2\/types\/page"}],"author":[{"embeddable":true,"href":"https:\/\/arrozvasconcelos.com.br\/novo_site\/wp-json\/wp\/v2\/users\/1"}],"replies":[{"embeddable":true,"href":"https:\/\/arrozvasconcelos.com.br\/novo_site\/wp-json\/wp\/v2\/comments?post=782"}],"version-history":[{"count":43,"href":"https:\/\/arrozvasconcelos.com.br\/novo_site\/wp-json\/wp\/v2\/pages\/782\/revisions"}],"predecessor-version":[{"id":1474,"href":"https:\/\/arrozvasconcelos.com.br\/novo_site\/wp-json\/wp\/v2\/pages\/782\/revisions\/1474"}],"wp:attachment":[{"href":"https:\/\/arrozvasconcelos.com.br\/novo_site\/wp-json\/wp\/v2\/media?parent=782"}],"curies":[{"name":"wp","href":"https:\/\/api.w.org\/{rel}","templated":true}]}}