{"id":765,"date":"2026-05-09T20:26:09","date_gmt":"2026-05-09T20:26:09","guid":{"rendered":"https:\/\/arrozvasconcelos.com.br\/novo_site\/?page_id=765"},"modified":"2026-05-13T11:19:51","modified_gmt":"2026-05-13T11:19:51","slug":"transparencia-e-igualdade-salarial","status":"publish","type":"page","link":"https:\/\/arrozvasconcelos.com.br\/novo_site\/transparencia-e-igualdade-salarial\/","title":{"rendered":"Transpar\u00eancia e Igualdade Salarial"},"content":{"rendered":"\t\t<div data-elementor-type=\"wp-page\" data-elementor-id=\"765\" class=\"elementor elementor-765\">\n\t\t\t\t<div class=\"elementor-element elementor-element-752d60d e-flex e-con-boxed e-con e-parent\" data-id=\"752d60d\" data-element_type=\"container\" data-e-type=\"container\">\n\t\t\t\t\t<div class=\"e-con-inner\">\n\t\t<div class=\"elementor-element elementor-element-700752c e-con-full e-flex e-con e-child\" data-id=\"700752c\" data-element_type=\"container\" data-e-type=\"container\">\n\t\t<div class=\"elementor-element elementor-element-f7fc6a0 e-con-full e-flex e-con e-child\" data-id=\"f7fc6a0\" data-element_type=\"container\" data-e-type=\"container\">\n\t\t\t\t<\/div>\n\t\t<div class=\"elementor-element elementor-element-4608ed8 e-con-full e-flex e-con e-child\" data-id=\"4608ed8\" data-element_type=\"container\" data-e-type=\"container\">\n\t\t\t\t\t\t\t<h2 \n\t\tdata-interaction-id=\"97fa3ba\" \n\t\tclass=\"e-97fa3ba-669ddfd e-heading-base\" \n\t\t \n\t\t\n\t>\n\t\n\t\t\tTranspar\u00eancia e Igualdade Salarial\n\t\t<\/h2>\n\t\t\t\t<div class=\"elementor-element elementor-element-1574e59 elementor-widget-divider--view-line elementor-widget elementor-widget-divider\" data-id=\"1574e59\" data-element_type=\"widget\" data-e-type=\"widget\" data-widget_type=\"divider.default\">\n\t\t\t\t\t\t\t<div class=\"elementor-divider\">\n\t\t\t<span class=\"elementor-divider-separator\">\n\t\t\t\t\t\t<\/span>\n\t\t<\/div>\n\t\t\t\t\t\t<\/div>\n\t\t\t\t<div class=\"elementor-element elementor-element-76cedbf elementor-widget elementor-widget-text-editor\" data-id=\"76cedbf\" data-element_type=\"widget\" data-e-type=\"widget\" data-widget_type=\"text-editor.default\">\n\t\t\t\t\t\t\t\t\t<p>Em cumprimento \u00e0 legisla\u00e7\u00e3o vigente, a Vasconcelos publica seu Relat\u00f3rio de Transpar\u00eancia e Igualdade Salarial, reafirmando o compromisso com a \u00e9tica, a diversidade e o respeito a todos os seus colaboradores.<\/p>\t\t\t\t\t\t\t\t<\/div>\n\t\t\t\t<\/div>\n\t\t\t\t<\/div>\n\t\t\t\t\t<\/div>\n\t\t\t\t<\/div>\n\t\t<div class=\"elementor-element elementor-element-784aa9f animated-slow e-flex e-con-boxed elementor-invisible e-con e-parent\" data-id=\"784aa9f\" data-element_type=\"container\" data-e-type=\"container\" data-settings=\"{&quot;background_background&quot;:&quot;classic&quot;,&quot;animation&quot;:&quot;fadeIn&quot;,&quot;animation_delay&quot;:300}\">\n\t\t\t\t\t<div class=\"e-con-inner\">\n\t\t<div class=\"elementor-element elementor-element-9abccec e-con-full e-flex e-con e-child\" data-id=\"9abccec\" data-element_type=\"container\" data-e-type=\"container\">\n\t\t\t\t<div class=\"elementor-element elementor-element-5ce5afe elementor-widget elementor-widget-heading\" data-id=\"5ce5afe\" data-element_type=\"widget\" data-e-type=\"widget\" data-widget_type=\"heading.default\">\n\t\t\t\t\t<h2 class=\"elementor-heading-title elementor-size-default\">Transpar\u00eancia n\u00e3o \u00e9 obriga\u00e7\u00e3o. \u00c9 o reflexo de quem somos.<\/h2>\t\t\t\t<\/div>\n\t\t\t\t<\/div>\n\t\t\t\t\t<\/div>\n\t\t\t\t<\/div>\n\t\t<div class=\"elementor-element elementor-element-d7c5e14 e-flex e-con-boxed e-con e-parent\" data-id=\"d7c5e14\" data-element_type=\"container\" data-e-type=\"container\">\n\t\t\t\t\t<div class=\"e-con-inner\">\n\t\t<div class=\"elementor-element elementor-element-03a05cd e-con-full e-flex e-con e-child\" data-id=\"03a05cd\" data-element_type=\"container\" data-e-type=\"container\">\n\t\t<div class=\"elementor-element elementor-element-5919cfd e-con-full e-flex e-con e-child\" data-id=\"5919cfd\" data-element_type=\"container\" data-e-type=\"container\">\n\t\t\t\t<div class=\"elementor-element elementor-element-9a03889 elementor-widget__width-inherit elementor-widget elementor-widget-text-editor\" data-id=\"9a03889\" data-element_type=\"widget\" data-e-type=\"widget\" data-widget_type=\"text-editor.default\">\n\t\t\t\t\t\t\t\t\t<h4><strong>Relat\u00f3rios<\/strong><\/h4><p>2\u00aa Semestre 2025 &#8211; <a href=\"https:\/\/arrozvasconcelos.com.br\/novo_site\/wp-content\/uploads\/2026\/05\/Relatorio_TIS_2S_2025.pdf\" target=\"_blank\" rel=\"noopener\">Clique aqui para abrir.<\/a><\/p>\t\t\t\t\t\t\t\t<\/div>\n\t\t\t\t<\/div>\n\t\t\t\t<\/div>\n\t\t\t\t\t<\/div>\n\t\t\t\t<\/div>\n\t\t\t\t<\/div>\n\t\t","protected":false},"excerpt":{"rendered":"<p>Transpar\u00eancia e Igualdade Salarial Em cumprimento \u00e0 legisla\u00e7\u00e3o vigente, a Vasconcelos publica seu Relat\u00f3rio de Transpar\u00eancia e Igualdade Salarial, reafirmando o compromisso com a \u00e9tica, a diversidade e o respeito a todos os seus colaboradores. Transpar\u00eancia n\u00e3o \u00e9 obriga\u00e7\u00e3o. \u00c9 o reflexo de quem somos. Relat\u00f3rios 2\u00aa Semestre 2025 &#8211; Clique aqui para abrir.<\/p>\n","protected":false},"author":1,"featured_media":0,"parent":0,"menu_order":0,"comment_status":"closed","ping_status":"closed","template":"elementor_header_footer","meta":{"footnotes":""},"class_list":["post-765","page","type-page","status-publish","hentry"],"_links":{"self":[{"href":"https:\/\/arrozvasconcelos.com.br\/novo_site\/wp-json\/wp\/v2\/pages\/765","targetHints":{"allow":["GET"]}}],"collection":[{"href":"https:\/\/arrozvasconcelos.com.br\/novo_site\/wp-json\/wp\/v2\/pages"}],"about":[{"href":"https:\/\/arrozvasconcelos.com.br\/novo_site\/wp-json\/wp\/v2\/types\/page"}],"author":[{"embeddable":true,"href":"https:\/\/arrozvasconcelos.com.br\/novo_site\/wp-json\/wp\/v2\/users\/1"}],"replies":[{"embeddable":true,"href":"https:\/\/arrozvasconcelos.com.br\/novo_site\/wp-json\/wp\/v2\/comments?post=765"}],"version-history":[{"count":43,"href":"https:\/\/arrozvasconcelos.com.br\/novo_site\/wp-json\/wp\/v2\/pages\/765\/revisions"}],"predecessor-version":[{"id":1458,"href":"https:\/\/arrozvasconcelos.com.br\/novo_site\/wp-json\/wp\/v2\/pages\/765\/revisions\/1458"}],"wp:attachment":[{"href":"https:\/\/arrozvasconcelos.com.br\/novo_site\/wp-json\/wp\/v2\/media?parent=765"}],"curies":[{"name":"wp","href":"https:\/\/api.w.org\/{rel}","templated":true}]}}